{"id":16,"date":"2026-02-27T10:36:09","date_gmt":"2026-02-27T10:36:09","guid":{"rendered":"http:\/\/hydroxi.cluster021.hosting.ovh.net\/?page_id=16"},"modified":"2026-03-27T13:06:15","modified_gmt":"2026-03-27T13:06:15","slug":"informations","status":"publish","type":"page","link":"http:\/\/hydroxi.cluster021.hosting.ovh.net\/index.php\/informations\/","title":{"rendered":"Informations"},"content":{"rendered":"<div class=\"wp-block-image\">\n<figure class=\"aligncenter\"><img decoding=\"async\" src=\"http:\/\/www.vmcoaching.be\/wp-content\/uploads\/2025\/09\/IMG_5787.jpg\" alt=\"\" class=\"wp-image-6605\"\/><\/figure>\n<\/div>\n\n\n<hr class=\"wp-block-separator has-alpha-channel-opacity\"\/>\n\n\n\n<div style=\"height:100px\" aria-hidden=\"true\" class=\"wp-block-spacer\"><\/div>\n\n\n\n<p class=\"has-text-align-center\"><strong>After The First Hydrox Competition in february 2026, we are happy yo announce the next stages.<\/strong><\/p>\n\n\n\n<p class=\"has-text-align-center\"><strong>The Place (Still the same) :<\/strong> <strong>Piscine Nausicaa, <\/strong>rue Th\u00e9ophile Delbar 33, 1410 Waterloo, Belgium.<\/p>\n\n\n\n<p class=\"has-text-align-center\"><strong>The Date :<\/strong> !!!  <strong>Informations really soon<\/strong> !!! (h-h).<\/p>\n\n\n\n<div style=\"height:100px\" aria-hidden=\"true\" class=\"wp-block-spacer\"><\/div>\n\n\n\n<hr class=\"wp-block-separator has-alpha-channel-opacity\"\/>\n\n\n\n<p>Version : ??? 2026.<\/p>\n\n\n\n<div style=\"height:100px\" aria-hidden=\"true\" class=\"wp-block-spacer\"><\/div>\n\n\n\n<hr class=\"wp-block-separator has-alpha-channel-opacity\"\/>\n\n\n\n<p>Version : F\u00e9b 2026.<\/p>\n\n\n\n<p><strong>Schedule :<\/strong><\/p>\n\n\n\n<p><strong>Vague 1 (F\/F) :<\/strong><\/p>\n\n\n\n<p>Accueil et enregistrement : 9h30 \u00e0 10h.<\/p>\n\n\n\n<p>Briefing : 10h.<\/p>\n\n\n\n<p>&nbsp;Course : 10h30-11h45.<\/p>\n\n\n\n<p>Podium : 12h.<\/p>\n\n\n\n<p><strong>Teams :<\/strong><\/p>\n\n\n\n<p>Sharon + Clara, Ines + Sophie, Carole + Valentine, Lucile + Lisa, Laurie + Emeline, St\u00e9phanie + Kristy , Aurore + Morgane, Claire + Cl\u00e9mentine, Zo\u00e9 + Tiffany, B\u00e9rang\u00e8re + No\u00e9mie.<\/p>\n\n\n\n<p><strong>Vague 2<\/strong><\/p>\n\n\n\n<p>Accueil et enregistrement : 11h \u00e0 11h30.<\/p>\n\n\n\n<p>Briefing : 11h45.<\/p>\n\n\n\n<p>&nbsp;Course : 12h30-13h45.<\/p>\n\n\n\n<p>Podium : 16h.<\/p>\n\n\n\n<p><strong>Teams :&nbsp;<\/strong><\/p>\n\n\n\n<p>Lucie + Germain, M\u00e9lodie + Gaetan, Justine + Meher, Coralie + Louis, Martin + Marie-am\u00e9lie, Kathleen + Nicolas, Sarah + Maxime, Daho + Marine, Manuel + Elise, Dominique + Jesca.<\/p>\n\n\n\n<p><strong>Vague 3<\/strong><\/p>\n\n\n\n<p>Accueil et enregistrement : 13h \u00e0 13h30.<\/p>\n\n\n\n<p>Briefing : 14h.<\/p>\n\n\n\n<p>&nbsp;Course : 14h30-15h45.<\/p>\n\n\n\n<p>Podium : 16h.<\/p>\n\n\n\n<p><strong>Teams :<\/strong><\/p>\n\n\n\n<p>Alain-Pierre + Sophie, St\u00e9phane + Barbara, Mathieu + Am\u00e9lie, Macram + Antoine, Nicolas + Zo\u00e9, S\u00e9bastien + Lou, Thomas + Sophie, Bastien + Tom, Nathan + Myron, Gatien + Sarah.<\/p>\n\n\n\n<p><strong>Vague 4<\/strong><\/p>\n\n\n\n<p>Accueil et enregistrement : 15h \u00e0 15h30.<\/p>\n\n\n\n<p>Briefing : 15h45.<\/p>\n\n\n\n<p>&nbsp;Course : 16h30-17h45.<\/p>\n\n\n\n<p>Podium : 18h.<\/p>\n\n\n\n<p><strong>Teams :<\/strong><\/p>\n\n\n\n<p>David + Pierre, Faysal + Michel, J\u00e9r\u00e9mie + Jon, Francois D. + Florian, Romain + Thierry, Romain + Lionel, Francois N. + Kevin, Nicolas + Robin, Alexis + Quentin, Benjamin + Gilles.<\/p>\n\n\n\n<hr class=\"wp-block-separator has-alpha-channel-opacity\"\/>\n\n\n\n<p class=\"has-text-align-center\"><strong>Sorry but the inscriptions are Done, we are full, thanks to you.<\/strong><\/p>\n\n\n\n<p><strong>Inscription :<\/strong><\/p>\n\n\n\n<ol class=\"wp-block-list\">\n<li>make the Google form : <img loading=\"lazy\" decoding=\"async\" width=\"158\" height=\"158\" src=\"http:\/\/www.vmcoaching.be\/wp-content\/uploads\/2025\/11\/icone-de-document-feuille-papier-avec-le-texte-element-conception-moderne-d-ensemble-signe-plat-noir-simple-vecteur-arrondi-110011578.webp\" alt=\"\"><\/li>\n\n\n\n<li>pay the fee on the account (IBAN : BE22731057256647), communication : &#8220;Hydrox + both names&#8221;.<\/li>\n\n\n\n<li>we send you a confirmation e-mail.<\/li>\n<\/ol>\n\n\n\n<p><strong>Price :<\/strong> 100\u20ac for a team of two.<\/p>\n\n\n\n<hr class=\"wp-block-separator has-alpha-channel-opacity\"\/>\n\n\n\n<div style=\"height:100px\" aria-hidden=\"true\" class=\"wp-block-spacer\"><\/div>\n\n\n\n<p class=\"has-text-align-center\">More information :<a href=\"mailto:infos@hydroxsport.be\"> infos@hydroxsport.be<\/a><\/p>\n\n\n\n<p class=\"has-text-align-center\"><strong>please check the Instagram page&nbsp;<\/strong><\/p>\n","protected":false},"excerpt":{"rendered":"<p>After The First Hydrox Competition in february 2026, we are happy yo announce the next stages. The Place (Still the same) : Piscine Nausicaa, rue Th\u00e9ophile Delbar 33, 1410 Waterloo, Belgium. The Date : !!! Informations really soon !!! (h-h). Version : ??? 2026. Version : F\u00e9b 2026. Schedule : [&hellip;]<\/p>\n","protected":false},"author":1,"featured_media":0,"parent":0,"menu_order":0,"comment_status":"closed","ping_status":"closed","template":"","meta":{"footnotes":""},"class_list":["post-16","page","type-page","status-publish","hentry"],"_links":{"self":[{"href":"http:\/\/hydroxi.cluster021.hosting.ovh.net\/index.php\/wp-json\/wp\/v2\/pages\/16","targetHints":{"allow":["GET"]}}],"collection":[{"href":"http:\/\/hydroxi.cluster021.hosting.ovh.net\/index.php\/wp-json\/wp\/v2\/pages"}],"about":[{"href":"http:\/\/hydroxi.cluster021.hosting.ovh.net\/index.php\/wp-json\/wp\/v2\/types\/page"}],"author":[{"embeddable":true,"href":"http:\/\/hydroxi.cluster021.hosting.ovh.net\/index.php\/wp-json\/wp\/v2\/users\/1"}],"replies":[{"embeddable":true,"href":"http:\/\/hydroxi.cluster021.hosting.ovh.net\/index.php\/wp-json\/wp\/v2\/comments?post=16"}],"version-history":[{"count":9,"href":"http:\/\/hydroxi.cluster021.hosting.ovh.net\/index.php\/wp-json\/wp\/v2\/pages\/16\/revisions"}],"predecessor-version":[{"id":938,"href":"http:\/\/hydroxi.cluster021.hosting.ovh.net\/index.php\/wp-json\/wp\/v2\/pages\/16\/revisions\/938"}],"wp:attachment":[{"href":"http:\/\/hydroxi.cluster021.hosting.ovh.net\/index.php\/wp-json\/wp\/v2\/media?parent=16"}],"curies":[{"name":"wp","href":"https:\/\/api.w.org\/{rel}","templated":true}]}}